mainder when 1186 is divided by 97?
22
What is the remainder when 949 is divided by 119?
116
Calculate the remainder when 1790 is divided by 18.
8
What is the remainder when 469 is divided by 131?
76
Calculate the remainder when 153 is divided by 5.
3
Calculate the remainder when 273 is divided by 69.
66
What is the remainder when 1442 is divided by 58?
50
Calculate the remainder when 438 is divided by 49.
46
What is the remainder when 224 is divided by 223?
1
Calculate the remainder when 343 is divided by 78.
31
Calculate the remainder when 168 is divided by 34.
32
Calculate the remainder when 351 is divided by 6.
3
What is the remainder when 399 is divided by 14?
7
Calculate the remainder when 893 is divided by 14.
11
Calculate the remainder when 261 is divided by 43.
3
Calculate the remainder when 1811 is divided by 2.
1
What is the remainder when 210 is divided by 199?
11
What is the remainder when 2123 is divided by 13?
4
Calculate the remainder when 1242 is divided by 163.
101
What is the remainder when 261 is divided by 33?
30
What is the remainder when 2187 is divided by 109?
7
Calculate the remainder when 15385 is divided by 69.
67
Calculate the remainder when 1055 is divided by 132.
131
What is the remainder when 10030 is divided by 20?
10
Calculate the remainder when 724 is divided by 381.
343
Calculate the remainder when 711 is divided by 39.
9
Calculate the remainder when 215 is divided by 12.
11
Calculate the remainder when 1069 is divided by 21.
19
Calculate the remainder when 388 is divided by 28.
24
What is the remainder when 36 is divided by 8?
4
Calculate the remainder when 30 is divided by 24.
6
Calculate the remainder when 228 is divided by 15.
3
What is the remainder when 1818 is divided by 130?
128
What is the remainder when 570 is divided by 96?
90
Calculate the remainder when 1169 is divided by 337.
158
Calculate the remainder when 53 is divided by 50.
3
Calculate the remainder when 1095 is divided by 122.
119
What is the remainder when 141 is divided by 14?
1
Calculate the remainder when 2030 is divided by 55.
50
Calculate the remainder when 620 is divided by 41.
5
Calculate the remainder when 683 is divided by 201.
80
Calculate the remainder when 12419 is divided by 25.
19
Calculate the remainder when 572 is divided by 115.
112
Calculate the remainder when 191 is divided by 18.
11
What is the remainder when 1226 is divided by 1224?
2
What is the remainder when 167 is divided by 154?
13
What is the remainder when 10 is divided by 10?
0
Calculate the remainder when 18087 is divided by 8.
7
What is the remainder when 287 is divided by 18?
17
Calculate the remainder when 273 is divided by 73.
54
Calculate the remainder when 687 is divided by 145.
107
Calculate the remainder when 867 is divided by 52.
35
Calculate the remainder when 15 is divided by 12.
3
Calculate the remainder when 176 is divided by 90.
86
What is the remainder when 349 is divided by 25?
24
Calculate the remainder when 1039 is divided by 13.
12
Calculate the remainder when 878 is divided by 90.
68
What is the remainder when 260 is divided by 54?
44
What is the remainder when 209 is divided by 21?
20
Calculate the remainder when 164 is divided by 81.
2
What is the remainder when 9132 is divided by 35?
32
Calculate the remainder when 215 is divided by 36.
35
Calculate the remainder when 134 is divided by 55.
24
What is the remainder when 6674 is divided by 33?
8
What is the remainder when 35049 is divided by 25?
24
Calculate the remainder when 1289 is divided by 144.
137
Calculate the remainder when 104 is divided by 9.
5
Calculate the remainder when 128 is divided by 28.
16
What is the remainder when 8776 is divided by 11?
9
Calculate the remainder when 1122 is divided by 74.
12
What is the remainder when 230 is divided by 29?
27
Calculate the remainder when 1819 is divided by 26.
25
Calculate the remainder when 23 is divided by 8.
7
Calculate the remainder when 7666 is divided by 3.
1
What is the remainder when 217 is divided by 15?
7
Calculate the remainder when 298 is divided by 31.
19
What is the remainder when 3755 is divided by 13?
11
What is the remainder when 204 is divided by 60?
24
What is the remainder when 328 is divided by 16?
8
Calculate the remainder when 218 is divided by 37.
33
What is the remainder when 602 is divided by 595?
7
Calculate the remainder when 152 is divided by 12.
8
What is the remainder when 2659 is divided by 331?
11
Calculate the remainder when 764 is divided by 82.
26
Calculate the remainder when 156 is divided by 72.
12
What is the remainder when 897 is divided by 25?
22
What is the remainder when 646 is divided by 89?
23
Calculate the remainder when 1286 is divided by 209.
32
Calculate the remainder when 222 is divided by 58.
48
What is the remainder when 246 is divided by 33?
15
What is the remainder when 172 is divided by 94?
78
What is the remainder when 3714 is divided by 335?
29
What is the remainder when 587 is divided by 194?
5
Calculate the remainder when 100 is divided by 68.
32
What is the remainder when 505 is divided by 191?
123
What is the remainder when 142 is divided by 18?
16
What is the remainder when 388 is divided by 10?
8
What is the remainder when 47 is divided by 8?
7
What is the remainder when 3186 is divided by 468?
378
What is the remainder when 644 is divided by 25?
19
What is the remainder when 2331 is divided by 94?
75
What is the remainder when 2402 is divided by 125?
27
Calculate the remainder when 1188 is divided by 100.
88
What is the remainder when 6433 is divided by 146?
9
Calculate the remainder when 370 is divided by 147.
76
Calculate the remainder when 528 is divided by 135.
123
What is the remainder when 3236 is divided by 120?
116
Calculate the remainder when 399 is divided by 17.
8
Calculate the remainder when 22 is divided by 3.
1
Calculate the remainder when 1547 is divided by 18.
17
Calculate the remainder when 104 is divided by 64.
40
Calculate the remainder when 191 is divided by 20.
11
Calculate the remainder when 16 is divided by 8.
0
What is the remainder when 4226 is divided by 843?
11
What is the remainder when 260 is divided by 29?
28
What is the remainder when 177 is divided by 67?
43
What is the remainder when 491 is divided by 77?
29
Calculate the remainder when 50 is divided by 20.
10
What is the remainder when 682 is divided by 75?
7
Calculate the remainder when 1169 is divided by 23.
19
Calculate the remainder when 25 is divided by 7.
4
Calculate the remainder when 560 is divided by 273.
14
What is the remainder when 36 is divided by 5?
1
Calculate the remainder when 74 is divided by 26.
22
Calculate the remainder when 37 is divided by 7.
2
Calculate the remainder when 208 is divided by 71.
66
Calculate the remainder when 31 is divided by 14.
3
Calculate the remainder when 739 is divided by 13.
11
What is the remainder when 221 is divided by 28?
25
Calculate the remainder when 4393 is divided by 100.
93
What is the remainder when 156 is divided by 148?
8
Calculate the remainder when 10268 is divided by 107.
103
What is the remainder when 814 is divided by 51?
49
What is the remainder when 415 is divided by 20?
15
What is the remainder when 549 is divided by 24?
21
Calculate the remainder when 27489 is divided by 158.
155
What is the remainder when 1062 is divided by 71?
68
What is the remainder when 2210 is divided by 67?
66
Calculate the remainder when 304 is divided by 87.
43
Calculate the remainder when 706 is divided by 181.
163
Calculate the remainder when 242 is divided by 28.
18
What is the remainder when 2764 is divided by 6?
4
Calculate the remainder when 247 is divided by 19.
0
What is the remainder when 60 is divided by 23?
14
What is the remainder when 531 is divided by 38?
37
Calculate the remainder when 461 is divided by 22.
21
Calculate the remainder when 91 is divided by 12.
7
Calculate the remainder when 849 is divided by 178.
137
What is the remainder when 458 is divided by 46?
44
Calculate the remainder when 976 is divided by 14.
10
Calculate the remainder when 4444 is divided by 35.
34
Calculate the remainder when 919 is divided by 245.
184
What is the remainder when 5287 is divided by 41?
39
Calculate the remainder when 243 is divided 